 4 = 0, -o + c - 1 = -4. Let n be k(o). Let w(v) = -v - 6*v + 3*v. Calculate w(n).
8
Let l(m) be the first derivative of -7*m**4/4 + m**2 - m + 1. Let o be (-6)/36 - (-7)/6. Calculate l(o).
-6
Let d(x) be the first derivative of 5/3*x**3 + x - 10 + 0*x**2. Suppose -3*k + 5*w = -2*k + 11, -7 = -k - 4*w. Determine d(k).
6
Let b(s) = 2 + s + 4 - 5. Let m be (2/(-6))/(2/6). Let d be ((-1)/m)/(2 + -3). Give b(d).
0
Suppose 5*h + 15 = 0, -4*h + 1 = 4*o - 3*h. Let c(w) = w - 12*w**2 + w**3 + o + 7*w**2 - 6. Give c(5).
0
Let y(l) = -2*l + 8*l - l**2 + l + 6. Determine y(7).
6
Let a be -1 + (-1 - (-1 - -2)). Let f be (2 - 2 - -5) + a. Let s(i) = i**3 - 2*i**2 + i - 2. Calculate s(f).
0
Let y(u) be the first derivative of -u - 11/2*u**2 + 1. Determine y(-1).
10
Let c(p) = -p - 8. Let v be c(-8). Let j(x) = -x**3 - x**2 + 3*x - 3*x + v*x**2. Give j(-1).
0
Suppose 3*y + o - 2 = 5*y, -5*y + 4*o - 8 = 0. Let i(t) = t**3 + t - 16. What is i(y)?
-16
Let w(l) = -5*l**2 + 3 + 5*l - l**2 + 2*l**2 + 5*l**2. Calculate w(-3).
-3
Suppose 9 = 2*z + n, 5*n + 16 = -9. Let b(s) = s**3 - 6*s**2 - 8*s + 9. Determine b(z).
2
Suppose -20 - 5 = 5*c. Let k = -4 - c. Let p(f) = 27*f**2 + 3*f + 7. Let y(o) = -40*o**2 - 4*o - 10. Let r(z) = -7*p(z) - 5*y(z). Give r(k).
11
Let a(d) = 0 + 2 - 2*d - 1. Let r = 28 - 3. Suppose -2*w + 22 = 5*h, 5*h - r = -4*w - 1. Determine a(w).
-1
Suppose -1 - 1 = 2*f. Let y = 7 + -5. Let n(q) = 2 - 5*q**3 - 3 + y*q - 2*q - q. Determine n(f).
5
Let i(n) be the first derivative of 3*n**2/2 + 5*n - 2. What is i(-5)?
-10
Let h be 15/(2 + 3) + 5. Let p(v) be the first derivative of v**3/3 - 9*v**2/2 + 12*v + 1. Give p(h).
4
Let s be ((-28)/(-8))/(2/4). Let i(k) = -k**3 + 8*k**2 - 6*k + 3. Give i(s).
10
Let g = 5 + 3. Let d = 3 - g. Let w(h) = -h**2. Let f(t) = -5*t**2 - 4*t + 7. Let c(o) = -f(o) + 4*w(o). Give c(d).
-2
Let j(r) = -5*r**3 + 5*r + 1. Let b(g) = -4*g**3 - g**2 + 4*g. Let i(t) = 6*b(t) - 5*j(t). Determine i(6).
-11
Let h be (-2)/((16/(-12))/(-2)). Let d(s) be the third derivative of s**6/120 + s**5/30 - s**4/6 + s**3/6 - s**2. What is d(h)?
4
Let q(i) be the second derivative of i**5/4 - 5*i**4/6 - i**3/2 - 7*i**2/2 + 10*i. Let o(y) = -y**3 + y**2 + y + 1. Let a(p) = 6*o(p) + q(p). Determine a(-5).
9
Suppose -t + 0 = -2. Let c(s) = -s - 8. Let j(u) = 3*u + 17. Let i(y) = 13*c(y) + 6*j(y). Determine i(t).
8
Let d(s) be the second derivative of s**4/6 - s**3/3 + s**2/2 + 9*s + 1. Determine d(2).
5
Let w(h) = -h**2 + 2*h + 4. Let n be w(3). Let l be n/1 - 7 - -2. Let y(j) be the third derivative of -j**5/60 - j**4/6 - 5*j**3/6 + 3*j**2. Give y(l).
-5
Let i(m) = -5*m**3 + 0 + 5*m**2 - 2 - 4*m**2 + 1. Determine i(-1).
5
Let a(o) = 9*o - o - 5 + 0*o - 7*o. Determine a(0).
-5
Suppose 11 = 5*a + g - 4*g, g = 3. Let i(v) = a*v**2 - 2 - 3*v**2 + 2*v**2 - 4*v**2 - 4*v. Determine i(-5).
-7
Let f be 1/3 - (-52)/(-12). Let p(c) be the first derivative of -1 + 5/2*c**2 + 5*c + 1/3*c**3. Give p(f).
1
Let l(b) = b. Let r be l(2). Suppose -2*i - 15 = i, 0 = r*u + 3*i + 23. Let f(w) = -w - 2. Determine f(u).
2
Let a(n) = 6*n - n**2 - 21 + 10 + 12. Give a(6).
1
Let j(q) = -q. Let s(k) = k**3 + 3*k**2 - k + 7. Let f be s(-4). Calculate j(f).
5
Suppose 2*y + 0*y - 4 = 0. Suppose y*g - 5*g + a = 1, 3*a - 3 = 4*g. Let c(p) = -p**3 - p + 2. Calculate c(g).
2
Suppose -4*y = -22 - 2. Suppose -2*j + y = j. Let f(l) = l**3 - l**2 + l - 1. Let z(b) = -3*b**3 + b**2 - 3*b + 5. Let a(d) = 4*f(d) + z(d). Determine a(j).
-1
Let v(j) = 17 - 11 + j - 8. Determine v(5).
3
Let t(y) = y + 4. Let u be t(-2). Suppose -o - 2 = u. Let k(r) = -r**3 - 4*r**2 - 4. Determine k(o).
-4
Let l(o) be the first derivative of o**2 - 10*o + 4. Calculate l(6).
2
Let x = 15 - 59/4. Let o(l) be the second derivative of -1/6*l**3 - 1/20*l**5 - x*l**4 + 0 - 1/2*l**2 - l. Determine o(-3).
2
Let y(j) be the second derivative of j**5/20 - j**4/12 + 3*j**2 - 24*j. What is y(0)?
6
Let j(o) = -4*o - 2. Let d(r) = -5*r - 2. Let b(i) = -2*d(i) + 3*j(i). Determine b(-2).
2
Let r(n) be the first derivative of n**4/4 - n**3 - n**2/2 + 4*n + 20. Suppose -v = -p - 8, -2*p - 3*p - 28 = -v. What is r(v)?
1
Let h(i) = 5*i**2 + i. Let s be h(-1). Suppose 0*u + u = -s. Let f(x) = x**2 - 4. Calculate f(u).
12
Let q be (-3 + 1 - 1) + -1. Let a(m) = -7*m + 5 + 24*m - 13*m. Determine a(q).
-11
Let z(x) = -2*x - 1. Suppose -3*o + 5 = 5*d - 26, -2*d - 10 = -2*o. Suppose v - 4*y = 6, -3*y = o*v - 3*v - 5. Determine z(v).
-5
Let y(t) be the second derivative of t**5/20 - t**4/2 + t**3 + t**2/2 - 2*t. Let u(p) = p**2 - 2*p - 10. Let h be u(5). Calculate y(h).
6
Let o(f) = -f**2 + 2*f + 2. Let y(p) = -p - 1. Let j(z) = 4*z - 3. Let v be j(2). Suppose 3*l + h = 4*l - 5, 4*l + v*h = -16. Let c be y(l). Give o(c).
-6
Let j(v) = -v**2 + 10*v - 10. Let o be j(9). Let x(t) = -8*t. Let f(y) = y. Let w(z) = -f(z) + x(z). Calculate w(o).
9
Let a(w) = -21 - w + 21. Suppose -z + 3*z = -6. What is a(z)?
3
Let k(u) = u**2 + 5*u - 3. Let w be k(-6). Suppose w*q = -0*q - 18. Let z(h) = h + 7. Let f be z(q). Let g(j) = -6*j. What is g(f)?
-6
Let b(k) be the first derivative of -4*k**2 - 1. Suppose -5*r - 3*g = -g - 13, -2*g + 12 = 4*r. Let x be r + (0 - (0 - 0)). Calculate b(x).
-8
Let n(x) = -15*x**2 - 2*x - 15. Let q(i) = -7*i**2 - i - 7. Let j(t) = -6*n(t) + 13*q(t). Let r(m) be the first derivative of j(m). Give r(-2).
3
Suppose 8*s = 7 + 9. Let q(z) = 8*z + 2. Give q(s).
18
Let q(z) = -z**3 - 5*z**2 + z + 3. Suppose 2*b = -3*n + 34, 2*n + 4*b + 11 - 39 = 0. Suppose 0*t - n = t. Let a = -15 - t. Give q(a).
-2
Let d(r) = 10*r - 6. Let w(q) = -5*q + 3. Let t(y) = -3*d(y) - 7*w(y). Suppose 3*x = -2*x + 45. Suppose 0 = x*s - 4*s - 10. Calculate t(s).
7
Let x(g) = -4*g**3 - g + 1. Suppose -2 = -5*v + 8. Let j be ((-2)/(-1))/(v - 0). Give x(j).
-4
Let i(k) = 0*k + k**2 + 7*k - 10*k. Calculate i(3).
0
Let z(b) = 5*b - 3. Let a(w) = -w. Let y(q) = -6*a(q) - z(q). Calculate y(-5).
-2
Let n(g) = g + 17. Let m be n(-13). Let v(f) = -6*f + 1. Determine v(m).
-23
Let t = -2 - -5. Let g = -1 + 3. Let j(r) = -5*r - 2*r**t - 4*r**2 + 0*r + g*r. Give j(-2).
6
Let y(p) = -6*p**3 - 3*p**2 + 4*p - 3. Let l(x) = 5*x**3 + 3*x**2 - 3*x + 2. Let q(j) = -7*l(j) - 6*y(j). Suppose 3*u - 15 = -2*u. Calculate q(u).
-5
Let o be (7 - 2)*((-7)/5 - -1). Let j(p) = -5*p - 2. Determine j(o).
8
Let s(a) = 6*a**3 + 2*a**2 + 2*a. Let c(h) = 18*h**3 + 7*h**2 + 7*h. Let w(u) = 2*c(u) - 7*s(u). Determine w(1).
-6
Let b be (4 - 5)*(-1 + (0 - -6)). Let p(x) = x + 1. What is p(b)?
-4
Let q = 1 + -1. Let z(l) = -4 + l - l**2 + 2 - 5*l**2 + 7*l**2. Give z(q).
-2
Let j(m) be the third derivative of m**4/4 + m**3/6 - 6*m**2. Suppose -3*k = -3*u, 6*u = 3*u + k - 2. Calculate j(u).
-5
Let l(y) = y**2 + 6*y + 4. Let z = -57 - -53. Give l(z).
-4
Let h(f) be the second derivative of -1/6*f**3 + 1/20*f**5 + 1/2*f**4 + 0 + f - 2*f**2. Give h(-6).
2
Let f be (-224)/(-10) + 12/(-30). Suppose -3 = -3*z - 3*a, -4*z + 8 = -5*a + f. Let l(j) = -10*j**2 + j. What is l(z)?
-11
Let q(j) = -j**2 + 2. Let d be q(0). Let v(x) = -2 + 3 - 6*x + 2*x. Calculate v(d).
-7
Let p(h) = -4*h + 7. Let w(d) = -3*d + 6. Let o(y) = 2*p(y) - 3*w(y). Calculate o(3).
-1
Let v(p) = -2*p**2 + p + 2. Let b = -12 - -14. What is v(b)?
-4
Let q(p) be the third derivative of -1/12*p**4 + 2/3*p**3 - 2*p**2 + 0 + 0*p. Suppose -4 + 24 = 4*x. Determine q(x).
-6
Let m(n) = -n**3 - 3*n**2 - 4*n - 2. Let t be m(-2). Let w(a) = 0 - a + 4*a**t + 0 - a**3 + 1. Let f = -22 - -26. Determine w(f).
-3
Let v(t) = t + 14. Let n(a) = a**2 + 11*a + 8. Let i be n(-10). Let b be 7/(-3 - (0 + i)). Calculate v(b).
7
Let u(w) be the third derivative of w**7/2520 - w**6/180 + w**5/40 - w**4/12 - w**2. Let m(k) be the second derivative of u(k). Determine m(3).
0
Let p be 2/(1 + 0) - 0. Suppose 0 = p*c - 8, -2*u - 3*c + 14 = -u. Let w(s) = -3*s**2 - 5*s**u + 4*s**2 - 1 - s**3. Calculate w(-2).
-9
Let c(j) be the second derivative of 0 + 1/12*j**4 - 5/2*j**2 + j - 1/6*j**3. Suppose -4*v + 20 = 0, 4*u + 3*v - 36 = -v. Give c(u).
7
Suppose 4*h = -f - 0*f + 9, -h + 3*f = -12. Suppose -11 = -4*z - 35. Let j(a) = a + 1. Let l(g) = 5*g + 13. Let m(p) = z*j(p) + l(p). Calculate m(h).
4
Let h(p) = 2*p**2 - 3*p**2 - p**3 + 6*p**3. Suppose 3*i - 5*q - 1 = -4